der when c is divided by 12.
10
Suppose 5 = 5*c - 15, 4*x + c - 688 = 0. Let m = x + -151. What is the remainder when 37 is divided by m?
17
Suppose -94801 + 27076 = -43*w. What is the remainder when w is divided by 19?
17
Let y = -63 - -81. Calculate the remainder when 66 is divided by y.
12
Suppose 3*b + 2*l - 137 = 2*b, l = 5. Let g = 1017 - 991. What is the remainder when b is divided by g?
23
Let r be -1 - (-2)/(3 + -4). Let z = r + 61. Suppose 2*o - o = -4*l + 3, l - 12 = -o. Calculate the remainder when z is divided by o.
13
Suppose 3*k = -4*v + 541, 2*k + 451 = 5*v - 231. What is the remainder when v is divided by 35?
31
Suppose 3*j - 6*j = 5*i + 19, 0 = -2*j - i - 1. Suppose 2*o - 60 - 40 = 4*s, 4*s = -j*o + 76. What is the remainder when o is divided by 12?
8
What is the remainder when 159 is divided by (-1)/(7/4) + 2104/56?
11
Let d = 12 - -10. Let n(m) = -2*m + 2. Let w be n(1). Suppose -4*h + 52 = -2*y, h - 13 = -w*y - 2*y. Calculate the remainder when d is divided by h.
9
What is the remainder when 283 is divided by (22 + -19)/((-1)/15*-3)?
13
What is the remainder when (-322)/(-5) - (216/(-60) - -3) is divided by 41?
24
Suppose -2*o - 5*f = -13, -2*o - o = -3*f - 9. Let a = 3 - 0. Suppose 0 = a*c + 3*r - 10 - 26, 15 = 5*r. Calculate the remainder when c is divided by o.
1
What is the remainder when 2/3 - (-7700)/60 is divided by 44?
41
Let b = -53 + 69. Calculate the remainder when 41 is divided by b.
9
Suppose -108*y - 106 = -107*y. Let p = y - -112. Calculate the remainder when 45 is divided by p.
3
Let p = 170 - 134. Let t = 170 - 100. Calculate the remainder when t is divided by p.
34
Let d = -11 + 5. Let v = d + 12. Suppose -w + 37 - v = -5*i, -4*i = 4*w - 52. Calculate the remainder when 47 is divided by w.
15
Suppose -8*u + 2*b - 8 = -3*u, b - 4 = -2*u. Suppose u = -4*h + 17 - 1. Calculate the remainder when h is divided by 2.
0
Suppose -5*a + 3 + 11 = 2*u, -2*a + u = -11. Calculate the remainder when a is divided by (1/2)/(16/64).
0
Let w(a) = -a. Let m be w(13). Let i(v) = -v - 9. Calculate the remainder when i(m) is divided by 1.
0
Suppose -3*z - 5 + 23 = -5*a, -5*z = -5*a - 30. Let s(n) = n + 8. Calculate the remainder when z is divided by s(-6).
0
Let k(v) = v - 14. Let p be k(6). Calculate the remainder when 5 is divided by (p - 0/1)/(-2).
1
Let c be (2 + (-3)/(-9))*-3. Suppose -157 = -15*f + 113. Let j = f + c. What is the remainder when j is divided by 3?
2
Suppose 391 = 8*r + 9*r. What is the remainder when 88 is divided by r?
19
Let i(w) = w**2 - 11*w - 143. What is the remainder when 32 is divided by i(-8)?
5
Suppose 143 = -3*c + 218. What is the remainder when 83 is divided by c?
8
Let q(j) = 38*j**2 + 1. Let i be q(-1). Let c = i + -22. What is the remainder when 31 is divided by c?
14
Let g be 0 + (-3 - -2 - -10). Suppose -5*p + 4*v + 70 = -g, 2*p = -3*v + 27. Calculate the remainder when 118 is divided by p.
13
Let k(o) = -o**2 - 22*o - 12. Suppose 24 = -4*i - 3*p, -3*p + 12 = -0*p. Calculate the remainder when k(i) is divided by 27.
24
Let i be (-127)/4 + (-15)/(-20). Let k = -4 - i. What is the remainder when 107 is divided by k?
26
Let j(o) = -8*o - 200. Calculate the remainder when 131 is divided by j(-28).
11
Let n(d) = -d**3 + 5*d**2 - 3*d + 10. Let o be n(6). Let f = o - -55. Calculate the remainder when f is divided by (-6)/21 - (-102)/14.
4
Suppose 3*w + 2 - 8 = 0. Suppose 92 = w*n + p + 3*p, 2*n - 71 = 3*p. Let k = -42 + 53. Calculate the remainder when n is divided by k.
7
Let p be 1 + 108/(-16) + 9/12. What is the remainder when (-2019)/(-21) + p/35 is divided by 49?
47
Suppose -4*i = -3 - 21. Suppose 0 = 4*h + 5*q - 17, -2*h - q + 13 = 2*h. Calculate the remainder when i is divided by (-50)/(-15) + (-1)/h.
0
Let k(m) = 3*m**2 - 26*m - 60. Calculate the remainder when 131 is divided by k(11).
12
Suppose 0 = 4*g - 4*c - 340 + 108, 314 = 5*g + c. Calculate the remainder when 245 is divided by g.
59
Let w = -184 - -187. Calculate the remainder when 8 is divided by w.
2
Let f(n) = 6*n - 206. Let v be f(38). Suppose 3*w = -0*u - 2*u - 36, 0 = 4*w + 8. Let q = v + u. What is the remainder when 19 is divided by q?
5
Let w(n) = -n**3 - 2*n**2 + 2*n + 9. Calculate the remainder when 36 is divided by w(-3).
0
Let p = 18 + 10. Suppose -2*v = 3*r - 117, -4*v = 7 + 5. Let u = r - p. Calculate the remainder when 51 is divided by u.
12
Suppose 0 = 3*x - 2*c - 19, 5*x - 3*c - 30 = -0*x. Suppose 2*q - 59 = -3*q - x*p, -2 = p. What is the remainder when 37 is divided by q?
11
Let l(h) = h**3 - 15*h**2 - 27*h - 18. Calculate the remainder when l(17) is divided by 39.
23
Let u(c) = -29*c**3 + 3*c**2 + c - 1. Let q be u(-1). Suppose -33*a + q*a = -51. Suppose 196 = n + 3*n. What is the remainder when n is divided by a?
15
Calculate the remainder when (-849)/(-21) - (-24)/(-56) is divided by 8.
0
Let g(n) = -n**2 - 12*n - 11. Let s be (-1)/(-2) - (-322)/(-28). Let o be g(s). Calculate the remainder when 13 is divided by 2 - (0 + o) - -3.
3
Suppose 6*f = 16 + 242. Calculate the remainder when f is divided by 27.
16
Let i be (-2)/(-3)*((-636)/(-8))/1. Suppose 12 = -y - 13. Let m = y + i. What is the remainder when m is divided by 6?
4
Suppose 5*z - 4*t - 46 = 4*z, 50 = z - 5*t. What is the remainder when 178 is divided by z?
28
Let c(i) = -i**3 - 7*i**2 + 3*i - 15. Let y = 26 - 17. Calculate the remainder when c(-8) is divided by y.
7
Let l(c) = -c**3 - 6*c**2 + 4*c - 4. Let w be l(-6). Let m = w + 54. Calculate the remainder when 67 is divided by m.
15
Let p = -312 - -340. Calculate the remainder when 223 is divided by p.
27
Let g(t) = 6*t**2 - 2*t + 7. Let z = -40 + 37. Calculate the remainder when g(z) is divided by 14.
11
Let w(x) = 3*x**3 - 68*x**2 - 22*x + 2. Calculate the remainder when 96 is divided by w(23).
21
Suppose 65 = c + 4*c. Suppose 0 = -2*z + 21 + c. Let h(y) = y**3 + 7*y**2 + 4*y + 1. What is the remainder when h(-5) is divided by z?
14
Let m = 109 + 1521. Calculate the remainder when m is divided by 102.
100
Suppose -15*m - 12 = -18*m. Suppose p - f - 47 = -6*f, m*p - 4*f = 236. Calculate the remainder when p is divided by 10.
7
Let k = 43 + -43. Suppose -3*y + 58 + 26 = k. Calculate the remainder when 108 is divided by y.
24
Suppose 4*d - 305 = -241. Calculate the remainder when 381 is divided by d.
13
Calculate the remainder when 30 is divided by 68/18 - (-3 - 75/(-27)).
2
Let o = -1059 + 1065. Let n = 10 + -6. What is the remainder when o is divided by n?
2
Suppose -2*s = w - 8, 74 = 5*w - 2*w - 4*s. Suppose 6*n - w*n + 72 = 0. What is the remainder when 8 is divided by n?
2
Let d = 242 + -222. Calculate the remainder when 67 is divided by d.
7
Calculate the remainder when 59 is divided by 119/51*(-180)/(-42).
9
Let q = 11 - 7. Suppose 72 = -q*r - 92. Let k = 60 + r. What is the remainder when 73 is divided by k?
16
Let c(a) = -a**3 - 7*a**2 + 28*a - 26. Calculate the remainder when c(-12) is divided by 40.
38
Suppose 2*k + 2*i - 38 = 0, -5*k - i + 93 = 2*i. Calculate the remainder when 69 is divided by k.
15
Let c(w) = -2*w. Let r be c(-1). Let m be (4/4 - -1) + r. Suppose m*y - 23 = 89. Calculate the remainder when y is divided by 15.
13
Suppose 0 = -22*c + 230 + 320. Let h = 4 - 2. Calculate the remainder when c is divided by ((-4)/h)/(2/(-7)).
4
Let x(c) = 66*c**2 - c + 1. Let z(d) = d**3 - 17*d**2 + 18*d - 9. Let f(k) = -2*k + 10. Let n be f(-3). What is the remainder when x(1) is divided by z(n)?
20
Let w be 0/2 - (4 - 5). Suppose -1 = 5*d - 4*x, 5*x - 10 = 3*d + w. Suppose -d*v + 9 + 24 = 0. Calculate the remainder when 42 is divided by v.
9
Suppose 0 = 4*p - 30 + 2. What is the remainder when (-31 + ((-2)/(-3))/((-34)/(-255)))/(-2) is divided by p?
6
Suppose 4*p + 32 = 112. Suppose -3*a - 4*z + 176 = -243, 4*a - z = 546. Calculate the remainder when a is divided by p.
17
Let s(l) = -6*l - 2. Let i be s(-1). Suppose -i*v - 2 + 6 = 0. Let b(n) = 13*n**3 + n**2 - n. What is the remainder when b(v) is divided by 4?
1
Let l = 2 + 39. Suppose -2*y + y = -2. Suppose 3*h = 4*g - 2*h - 34, 3*g + y*h = 37. What is the remainder when l is divided by g?
8
Let z(r) = r - 4. Let p be z(4). Suppose -4*j = 4*g - 168, p*j - 2*j = g - 86. Calculate the remainder when 87 is divided by j.
43
Let k = -11